rs of v.
3
Let g(h) = 2*h**2 - 2*h - 1. Let l be (-2)/(6 + 12/(-3)). List the prime factors of g(l).
3
Let v = 2077 + -995. List the prime factors of v.
2, 541
Suppose 0 = -l - 5, -u + l - 2*l = 0. What are the prime factors of 578/10 + 1/u?
2, 29
Let z = -116 - -119. Suppose 2*i - i - 267 = 2*j, 0 = -z*i + 3*j + 789. What are the prime factors of i?
7, 37
Suppose -18*y - 2340 = -12078. What are the prime factors of y?
541
Let x(s) = -s**3 - 7*s**2 + 2*s + 25. List the prime factors of x(-8).
73
Suppose 0 = -7*q + 6*q - p + 635, -4*p + 1262 = 2*q. What are the prime factors of q?
3, 71
Let y = -1825 - -2969. What are the prime factors of y?
2, 11, 13
Suppose 4*b - 5 = 3. Suppose -2*h = 3*x + 50, 37 = -b*h - h + 5*x. Let k = h - -41. List the prime factors of k.
2, 11
List the prime factors of 375/2 - 4/8.
11, 17
Suppose 5*h - 479 = 2*s, 0 = -3*h - s - 45 + 328. Let f = 45 + h. What are the prime factors of f?
2, 5, 7
Suppose -3*o = -2518 + 163. What are the prime factors of o?
5, 157
Suppose 0 = -4*d + 7 - 11. Let c = d + 1. Suppose 0 = -c*w - 3*w + 90. List the prime factors of w.
2, 3, 5
Let l(b) = -2*b + 14. Let p be l(11). Let o = p - -2. What are the prime factors of 0 - o/(-3)*-11?
2, 11
Suppose 2*u = 2 + 8, y - 863 = 4*u. What are the prime factors of y?
883
Suppose 4*d - 15*m - 16437 = -18*m, -d = 5*m - 4122. What are the prime factors of d?
3, 37
Let t = -63 + 121. List the prime factors of (1*t - 2) + -6 + 7.
3, 19
Suppose 5*u = -4*h + 3260, 24*h + 822 = 25*h + 3*u. What are the prime factors of h?
2, 3, 5
Let d be -4*(-2)/(-4) + 19. Suppose -4*l = 4*b + 12, -3*b - 4*l + 3 - d = 0. List the prime factors of (-3)/(b + 1) + 26.
5
Let g = -387 + 730. List the prime factors of g.
7
Let t(o) = -o**3 + 5*o**2 + 4*o. Let n be 9 - 2/(-4)*6. Suppose 4*p - n = 8. List the prime factors of t(p).
2, 5
Let x(s) = -s**3 + 10*s**2 - 8*s - 9. Let f be x(9). Suppose f*k = -2*k + 2. Let y(q) = 20*q**2 - q - 1. What are the prime factors of y(k)?
2, 3
Let s be (-5290)/(-25) - 12/20. Suppose 3*q + 19 = s. What are the prime factors of q?
2
Suppose m - 581 = x - 4*x, -3*m - x + 1767 = 0. List the prime factors of m.
2, 5, 59
Let w(q) = q**3 - 12*q**2 + 31*q + 26. List the prime factors of w(14).
2, 3, 71
Suppose -4*w = -7*w - 426. Let m be w/7 - (-4)/14. List the prime factors of (-48)/m + 4/(-10).
2
Let n(h) = h**3 + 16*h**2 - 20*h - 21. Let x be n(-17). Let c = 18 - -4. Let r = x - c. What are the prime factors of r?
2
Let r = 688 + -338. List the prime factors of r.
2, 5, 7
Let r = 106 + -91. Suppose 195 = -r*w + 660. List the prime factors of w.
31
Suppose -3*i = -88 - 71. Suppose -2*j + 167 + i = 0. What are the prime factors of j?
2, 5, 11
What are the prime factors of -13*4888/(-21) - (-44)/462?
2, 17, 89
Suppose 3*k - 8*k = 10. Let v be 0/k*10/(-30). Suppose 5*n - 255 - 100 = v. What are the prime factors of n?
71
Let b(r) = -r**3 - 2*r - 7. Let k be b(5). Suppose 568 = 2*x + 118. Let s = k + x. List the prime factors of s.
83
Suppose -s = 5*w + 10, 0 = -3*s + 3*w + w + 8. Suppose 5*n + 5*r - 100 = 0, r = -3*n - s*r + 64. What are the prime factors of n?
2, 11
Suppose 8 = -3*a + t, a + 2*t = 5*t - 16. What are the prime factors of 1/4 + (a - (-1495)/20)?
2, 37
Suppose -2*j - 4*b = -102, j + 6*b - 41 = 2*b. Suppose 0 = 2*u + 2*u - 3*z + j, 0 = u + 5*z + 21. Let n = u - -28. What are the prime factors of n?
2, 3
Let a(j) = j**2 - 14*j + 19. Let b be a(10). Let o = b - -66. List the prime factors of o.
3, 5
Let t be (1 - -1)*(-2 + 7). Let a(w) = w - 9. Let y be a(t). Suppose q + 3*u = y - 2, -2*q = -u - 5. List the prime factors of q.
2
Let u = 31 + -29. Suppose -p = -4*x + u*p + 201, -3*x + 172 = 2*p. Let i = -29 + x. List the prime factors of i.
5
Let n = -20 + 20. Suppose 72 = 3*k - d - n*d, 22 = k - d. What are the prime factors of k?
5
Let l(y) = -33*y + 90. Let w be l(4). Suppose 4*n = -n + 390. Let o = n + w. What are the prime factors of o?
2, 3
Let a be (46/(-8))/((-2)/(-8)). Let q = 13 + a. List the prime factors of 310/25 - (-4)/q.
2, 3
Let u(x) be the third derivative of x**4/12 + x**3/6 + 7*x**2. Let p be u(2). Suppose -3*a = -2*w + 129, 3*w + p*a - 197 - 25 = 0. List the prime factors of w.
3, 23
Suppose 10*j - 2*j = 256. Let i = j - 27. List the prime factors of i.
5
Let g = 7172 + -2656. List the prime factors of g.
2, 1129
Let c be 118/4*-1*-2. Let w = -26 + -10. Let x = w + c. List the prime factors of x.
23
Let c = 32 - 20. Let f be 59/(-4) - (-9)/c. What are the prime factors of 121/7 + 4/f?
17
Suppose 4*u = 3*s - 2268, 5*u - 3*u - 1526 = -2*s. What are the prime factors of s?
2, 5, 19
Suppose -2*k + k = 0. Suppose -y - 4*y - 2*j = -34, 3*y - j - 16 = k. What are the prime factors of (y/(-21))/((-4)/84)?
2, 3
List the prime factors of 5047 - (-8 + -4) - 9.
2, 5, 101
Suppose -18*i + 1432 = 2*s - 16*i, 0 = -5*s + 4*i + 3580. List the prime factors of s.
2, 179
Let a = -8 - -13. Suppose -a*n + 5 = -0. Let v = 27 + n. What are the prime factors of v?
2, 7
Let o(s) = 7*s**2 + 60. Let z(k) = -11*k**2 - 90. Let h(c) = 8*o(c) + 5*z(c). List the prime factors of h(-11).
151
Let y(q) = q**2 + 20*q + 38. Let f be y(-18). Let z = -18 + 47. Suppose f*a = a + z. What are the prime factors of a?
29
List the prime factors of (-11)/((-1683)/66843) - (-4)/34.
19, 23
Let k(b) = -116*b + 118. What are the prime factors of k(-11)?
2, 17, 41
Let z be -3 - 0 - (-140)/(-7). Let s = z - -22. List the prime factors of s*136*(-1)/2.
2, 17
What are the prime factors of 27*(-8)/(-2)*(-220)/(-80)?
3, 11
Let p = -269 - -981. What are the prime factors of p?
2, 89
Let u = 1313 + -418. What are the prime factors of u?
5, 179
Let s = -101 + 130. What are the prime factors of s?
29
Let i = 213 + 45. List the prime factors of i.
2, 3, 43
Suppose -5 = 4*u - 3*u, t - u + 11 = 0. What are the prime factors of (-8)/t + 79/2?
2, 5
Suppose 2*q + 4*z - 630 = -z, 5*q = 5*z + 1540. Let s = q + -208. What are the prime factors of s?
2, 3, 17
Let n be -1 - ((0 - 1) + -4). Suppose -5*b + 176 = -n*w, -b - b = -3*w - 69. What are the prime factors of 549/b - 1/4?
3, 5
List the prime factors of (-2)/6*-1 + (-6015)/(-45).
2, 67
Suppose 3*n - 15 = 0, -4*d + 1045 = -0*d - 3*n. What are the prime factors of d?
5, 53
Let p be (-31)/(-2) - (-17)/(-34). Suppose p*k - 20*k + 270 = 0. List the prime factors of k.
2, 3
Let j = -607 + 301. Let l = -204 - j. List the prime factors of l.
2, 3, 17
Let n be (7/2)/(20/40). Suppose n*x = 14*x - 1435. List the prime factors of x.
5, 41
Let w(u) = 18*u + 18. Let l(h) = 36*h + 35. Let z(f) = -3*l(f) + 5*w(f). Let c be z(-11). Suppose c = 5*i - 62. What are the prime factors of i?
7
Let m = 133 - -593. List the prime factors of m.
2, 3, 11
Let w(h) = -h**3 - 4*h**2 + 47*h - 33. List the prime factors of w(-18).
3, 23, 53
Let l(b) = 2*b**2 + 7*b + 2. Suppose -63 + 208 = -5*r. Let u = 22 + r. List the prime factors of l(u).
3, 17
Let p(g) = -7*g**2 - 9*g - 1. Let r(n) = -13*n**2 - 17*n - 3. Let o(j) = 11*p(j) - 6*r(j). Let v = -7 - 0. What are the prime factors of o(v)?
5, 7
Let y(m) = -2215*m - 91. What are the prime factors of y(-2)?
4339
Suppose 81*j = 72*j + 9036. What are the prime factors of j?
2, 251
Suppose 4*r + 798 = 7*r. List the prime factors of r.
2, 7, 19
Let g be 3/5 - 3/5. Suppose -4*p - p + 10 = g. Suppose -p*b = -9 - 17. List the prime factors of b.
13
Suppose 0 = -16*v + 59*v - 40764. List the prime factors of v.
2, 3, 79
Let p = -191 - -335. What are the prime factors of p?
2, 3
Let k = -3 - -24. Suppose 4*z - k = -57. Let s(g) = g**3 + 11*g**2 + 12*g + 3. What are the prime factors of s(z)?
3, 19
Let h = -11 + 13. Suppose -5*z - h*v = -0*v - 301, -3*z + 179 = 2*v. List the prime factors of z.
61
Suppose x - 15 - 14 = 2*o, 5*o = -3*x - 45. Let l(i) = -i**3 - 11*i**2 + 7*i - 7. What are the prime factors of l(o)?
53
Suppose -55*x = -1384 - 45146. List the prime factors of x.
2, 3, 47
List the prime factors of (-2 - 32/(-10))*1115.
2, 3, 223
Suppose -3*x + x = -4*q - 50, -5*q - 2*x - 58 = 0. Let n = 25 + q. List the prime factors of n.
13
Let n(u) = u**3 + 11*u**2 + 11*u + 12. Let l be n(-10). Suppose 4 = -3*r - l*c, 3*r - 8 = 4*c + 18. Suppose 175 = r*s + 51. List the prime factors of s.
2, 31
Suppose -2*a = 4*j - 10, -j - a + 1